[INFO] cloning repository https://github.com/volesen/bhbagde
[INFO] running `Command { std: "git" "-c" "credential.helper=" "-c" "credential.helper=/workspace/cargo-home/bin/git-credential-null" "clone" "--bare" "https://github.com/volesen/bhbagde" "/workspace/cache/git-repos/https%3A%2F%2Fgithub.com%2Fvolesen%2Fbhbagde", kill_on_drop: false }`
[INFO] [stderr] Cloning into bare repository '/workspace/cache/git-repos/https%3A%2F%2Fgithub.com%2Fvolesen%2Fbhbagde'...
[INFO] running `Command { std: "git" "rev-parse" "HEAD", kill_on_drop: false }`
[INFO] [stdout] 78fe08ab8743d4d29847d08871a5475348c7415b
[INFO] checking volesen/bhbagde against master#af3c6e733a40e671550e0f0f5aeecaa13772ba56 for pr-74989
[INFO] running `Command { std: "git" "clone" "/workspace/cache/git-repos/https%3A%2F%2Fgithub.com%2Fvolesen%2Fbhbagde" "/workspace/builds/worker-10/source", kill_on_drop: false }`
[INFO] [stderr] Cloning into '/workspace/builds/worker-10/source'...
[INFO] [stderr] done.
[INFO] validating manifest of git repo https://github.com/volesen/bhbagde on toolchain af3c6e733a40e671550e0f0f5aeecaa13772ba56
[INFO] running `Command { std: "/workspace/cargo-home/bin/cargo" "+af3c6e733a40e671550e0f0f5aeecaa13772ba56" "read-manifest" "--manifest-path" "Cargo.toml", kill_on_drop: false }`
[INFO] removed /workspace/builds/worker-10/source/.cargo/config
[INFO] started tweaking git repo https://github.com/volesen/bhbagde
[INFO] finished tweaking git repo https://github.com/volesen/bhbagde
[INFO] tweaked toml for git repo https://github.com/volesen/bhbagde written to /workspace/builds/worker-10/source/Cargo.toml
[INFO] crate git repo https://github.com/volesen/bhbagde already has a lockfile, it will not be regenerated
[INFO] running `Command { std: "/workspace/cargo-home/bin/cargo" "+af3c6e733a40e671550e0f0f5aeecaa13772ba56" "fetch" "--locked" "--manifest-path" "Cargo.toml", kill_on_drop: false }`
[INFO] [stderr]     Blocking waiting for file lock on package cache
[INFO] running `Command { std: "docker" "create" "-v" "/var/lib/crater-agent-workspace/builds/worker-10/target:/opt/rustwide/target:rw,Z" "-v" "/var/lib/crater-agent-workspace/builds/worker-10/source:/opt/rustwide/workdir:ro,Z" "-v" "/var/lib/crater-agent-workspace/cargo-home:/opt/rustwide/cargo-home:ro,Z" "-v" "/var/lib/crater-agent-workspace/rustup-home:/opt/rustwide/rustup-home:ro,Z" "-e" "SOURCE_DIR=/opt/rustwide/workdir" "-e" "CARGO_TARGET_DIR=/opt/rustwide/target" "-e" "CARGO_HOME=/opt/rustwide/cargo-home" "-e" "RUSTUP_HOME=/opt/rustwide/rustup-home" "-w" "/opt/rustwide/workdir" "-m" "1610612736" "--user" "0:0" "--network" "none" "rustops/crates-build-env@sha256:d92eaeed33fa75130ca1ee6c8a01d1ffb62bac859dfdfb3450e3e5d1c0146529" "/opt/rustwide/cargo-home/bin/cargo" "+af3c6e733a40e671550e0f0f5aeecaa13772ba56" "metadata" "--no-deps" "--format-version=1", kill_on_drop: false }`
[INFO] [stdout] 9dc729cc83d215fd6298ebee45116a8a5d7e145ea8f6454c35f6c8326447ea06
[INFO] [stderr] WARNING: Your kernel does not support swap limit capabilities or the cgroup is not mounted. Memory limited without swap.
[INFO] running `Command { std: "docker" "start" "-a" "9dc729cc83d215fd6298ebee45116a8a5d7e145ea8f6454c35f6c8326447ea06", kill_on_drop: false }`
[INFO] running `Command { std: "docker" "inspect" "9dc729cc83d215fd6298ebee45116a8a5d7e145ea8f6454c35f6c8326447ea06", kill_on_drop: false }`
[INFO] running `Command { std: "docker" "rm" "-f" "9dc729cc83d215fd6298ebee45116a8a5d7e145ea8f6454c35f6c8326447ea06", kill_on_drop: false }`
[INFO] [stdout] 9dc729cc83d215fd6298ebee45116a8a5d7e145ea8f6454c35f6c8326447ea06
[INFO] running `Command { std: "docker" "create" "-v" "/var/lib/crater-agent-workspace/builds/worker-10/target:/opt/rustwide/target:rw,Z" "-v" "/var/lib/crater-agent-workspace/builds/worker-10/source:/opt/rustwide/workdir:ro,Z" "-v" "/var/lib/crater-agent-workspace/cargo-home:/opt/rustwide/cargo-home:ro,Z" "-v" "/var/lib/crater-agent-workspace/rustup-home:/opt/rustwide/rustup-home:ro,Z" "-e" "SOURCE_DIR=/opt/rustwide/workdir" "-e" "CARGO_TARGET_DIR=/opt/rustwide/target" "-e" "CARGO_INCREMENTAL=0" "-e" "RUST_BACKTRACE=full" "-e" "RUSTFLAGS=--cap-lints=forbid" "-e" "CARGO_HOME=/opt/rustwide/cargo-home" "-e" "RUSTUP_HOME=/opt/rustwide/rustup-home" "-w" "/opt/rustwide/workdir" "-m" "1610612736" "--user" "0:0" "--network" "none" "rustops/crates-build-env@sha256:d92eaeed33fa75130ca1ee6c8a01d1ffb62bac859dfdfb3450e3e5d1c0146529" "/opt/rustwide/cargo-home/bin/cargo" "+af3c6e733a40e671550e0f0f5aeecaa13772ba56" "check" "--frozen" "--all" "--all-targets" "--message-format=json", kill_on_drop: false }`
[INFO] [stdout] 4c801c405f4f9ac6561f20d6a14edcb337d7e3b68ed1dfbbe5cda0aa5861869e
[INFO] [stderr] WARNING: Your kernel does not support swap limit capabilities or the cgroup is not mounted. Memory limited without swap.
[INFO] running `Command { std: "docker" "start" "-a" "4c801c405f4f9ac6561f20d6a14edcb337d7e3b68ed1dfbbe5cda0aa5861869e", kill_on_drop: false }`
[INFO] [stderr]    Compiling semver-parser v0.7.0
[INFO] [stderr]     Checking stable_deref_trait v1.2.0
[INFO] [stderr]    Compiling syn v1.0.38
[INFO] [stderr]     Checking vcell v0.1.2
[INFO] [stderr]     Checking bitfield v0.13.2
[INFO] [stderr]    Compiling autocfg v1.0.0
[INFO] [stderr]     Checking nb v1.0.0
[INFO] [stderr]     Checking r0 v0.2.2
[INFO] [stderr]     Checking void v1.0.2
[INFO] [stderr]     Checking rand_core v0.5.1
[INFO] [stderr]    Compiling metro_m0 v0.7.0 (/opt/rustwide/workdir)
[INFO] [stderr]    Compiling cortex-m v0.5.10
[INFO] [stderr]    Compiling heapless v0.5.5
[INFO] [stderr]     Checking aligned v0.2.0
[INFO] [stderr]     Checking panic-halt v0.2.0
[INFO] [stderr]     Checking rtic-core v0.3.0
[INFO] [stderr]     Checking jlink_rtt v0.1.0
[INFO] [stderr]    Compiling paste-impl v0.1.18
[INFO] [stderr]    Compiling cortex-m-rtic v0.5.3
[INFO] [stderr]     Checking typenum v1.12.0
[INFO] [stderr]    Compiling cortex-m-semihosting v0.3.5
[INFO] [stderr]     Checking byteorder v1.3.4
[INFO] [stderr]     Checking volatile-register v0.2.0
[INFO] [stderr]     Checking nb v0.1.3
[INFO] [stderr]     Checking embedded-hal v0.2.4
[INFO] [stderr]    Compiling semver v0.9.0
[INFO] [stderr]    Compiling hashbrown v0.8.2
[INFO] [stderr]    Compiling indexmap v1.5.1
[INFO] [stderr]     Checking sx1509 v0.2.0
[INFO] [stderr]     Checking hash32 v0.1.1
[INFO] [stderr]    Compiling rustc_version v0.2.3
[INFO] [stderr]     Checking paste v0.1.18
[INFO] [stderr]     Checking generic-array v0.13.2
[INFO] [stderr]     Checking generic-array v0.12.3
[INFO] [stderr]    Compiling bare-metal v0.2.5
[INFO] [stderr]     Checking as-slice v0.1.3
[INFO] [stderr]     Checking aligned v0.3.4
[INFO] [stderr]     Checking cortex-m v0.6.3
[INFO] [stderr]     Checking panic_rtt v0.2.0
[INFO] [stderr]     Checking panic-semihosting v0.5.3
[INFO] [stderr]    Compiling rtic-syntax v0.4.0
[INFO] [stderr]    Compiling cortex-m-rt-macros v0.1.8
[INFO] [stderr]    Compiling cortex-m-rtic-macros v0.5.0
[INFO] [stderr]     Checking cortex-m-rt v0.6.12
[INFO] [stderr]     Checking atsamd21g18a v0.7.0
[INFO] [stderr]     Checking atsamd-hal v0.9.0
[INFO] [stdout] error: duplicate lang item in crate `std` (which `test` depends on): `panic_impl`.
[INFO] [stdout]   |
[INFO] [stdout]   = note: the lang item is first defined in crate `panic_halt` (which `metro_m0` depends on)
[INFO] [stdout]   = note: first definition in `panic_halt` loaded from /opt/rustwide/target/debug/deps/libpanic_halt-432436be05e5fb36.rmeta
[INFO] [stdout]   = note: second definition in `std` loaded from /opt/rustwide/rustup-home/toolchains/af3c6e733a40e671550e0f0f5aeecaa13772ba56/lib/rustlib/x86_64-unknown-linux-gnu/lib/libstd-faa3fd6c69b73b7d.rlib
[INFO] [stdout] 
[INFO] [stdout] 
[INFO] [stdout] error: language item required, but not found: `eh_personality`
[INFO] [stdout] 
[INFO] [stdout] 
[INFO] [stdout] error[E0308]: mismatched types
[INFO] [stdout]    --> src/main.rs:124:5
[INFO] [stdout]     |
[INFO] [stdout] 122 | fn read_register<I2C: i2c::Read>(i2c: &mut I2C, reg: u8, d: &mut [u8]){
[INFO] [stdout]     |                                                                       - help: try adding a return type: `-> &mut [u8]`
[INFO] [stdout] 123 |     i2c.read(reg, d);
[INFO] [stdout] 124 |     d
[INFO] [stdout]     |     ^ expected `()`, found `&mut [u8]`
[INFO] [stdout] 
[INFO] [stdout] 
[INFO] [stdout] error[E0308]: mismatched types
[INFO] [stdout]    --> src/main.rs:191:43
[INFO] [stdout]     |
[INFO] [stdout] 191 |     read_register(&mut i2c, REG_SHUTDOWN, d);
[INFO] [stdout]     |                                           ^
[INFO] [stdout]     |                                           |
[INFO] [stdout]     |                                           expected `&mut [u8]`, found array `[u8; 1]`
[INFO] [stdout]     |                                           help: consider mutably borrowing here: `&mut d`
[INFO] [stdout] 
[INFO] [stdout] 
[INFO] [stdout] error[E0308]: mismatched types
[INFO] [stdout]    --> src/main.rs:124:5
[INFO] [stdout]     |
[INFO] [stdout] 122 | fn read_register<I2C: i2c::Read>(i2c: &mut I2C, reg: u8, d: &mut [u8]){
[INFO] [stdout]     |                                                                       - help: try adding a return type: `-> &mut [u8]`
[INFO] [stdout] 123 |     i2c.read(reg, d);
[INFO] [stdout] 124 |     d
[INFO] [stdout]     |     ^ expected `()`, found `&mut [u8]`
[INFO] [stdout] 
[INFO] [stdout] 
[INFO] [stdout] error: aborting due to 3 previous errors
[INFO] [stdout] 
[INFO] [stdout] 
[INFO] [stdout] For more information about this error, try `rustc --explain E0308`.
[INFO] [stdout] 
[INFO] [stdout] error[E0308]: mismatched types
[INFO] [stdout]    --> src/main.rs:191:43
[INFO] [stdout]     |
[INFO] [stdout] 191 |     read_register(&mut i2c, REG_SHUTDOWN, d);
[INFO] [stdout]     |                                           ^
[INFO] [stdout]     |                                           |
[INFO] [stdout]     |                                           expected `&mut [u8]`, found array `[u8; 1]`
[INFO] [stdout]     |                                           help: consider mutably borrowing here: `&mut d`
[INFO] [stdout] 
[INFO] [stdout] 
[INFO] [stderr] error: could not compile `metro_m0`.
[INFO] [stderr] 
[INFO] [stderr] To learn more, run the command again with --verbose.
[INFO] [stderr] warning: build failed, waiting for other jobs to finish...
[INFO] [stdout] error: aborting due to 3 previous errors
[INFO] [stdout] 
[INFO] [stdout] 
[INFO] [stdout] For more information about this error, try `rustc --explain E0308`.
[INFO] [stdout] 
[INFO] [stderr] error: build failed
[INFO] running `Command { std: "docker" "inspect" "4c801c405f4f9ac6561f20d6a14edcb337d7e3b68ed1dfbbe5cda0aa5861869e", kill_on_drop: false }`
[INFO] running `Command { std: "docker" "rm" "-f" "4c801c405f4f9ac6561f20d6a14edcb337d7e3b68ed1dfbbe5cda0aa5861869e", kill_on_drop: false }`
[INFO] [stdout] 4c801c405f4f9ac6561f20d6a14edcb337d7e3b68ed1dfbbe5cda0aa5861869e
